{"id":249,"date":"2023-10-09T11:50:13","date_gmt":"2023-10-09T15:50:13","guid":{"rendered":"https:\/\/artsvisuelsgatineau.com\/?page_id=249"},"modified":"2025-12-23T13:43:17","modified_gmt":"2025-12-23T18:43:17","slug":"avantages-des-membres","status":"publish","type":"page","link":"https:\/\/artsvisuelsgatineau.com\/en\/avantages-des-membres\/","title":{"rendered":"Benefits for members"},"content":{"rendered":"<p>Welcome to Arts Visuels de Gatineau (AVG), which, despite its historical name (since 1955), is open to all artists and friends of art in the Outaouais region. We are pleased to welcome you as a member of our non-profit cultural organization.<\/p>\n\n\n\n<p><strong>This year, with your membership card, you can get great discounts at the following locations:<\/strong><\/p>\n\n\n\n<figure class=\"wp-block-image size-full\"><img loading=\"lazy\" decoding=\"async\" width=\"322\" height=\"163\" src=\"https:\/\/artsvisuelsgatineau.com\/wp-content\/uploads\/Logos_images\/cropped-cropped-cropped-AVG_logo.png\" alt=\"AVG Logo\" class=\"wp-image-799\" srcset=\"https:\/\/artsvisuelsgatineau.com\/wp-content\/uploads\/Logos_images\/cropped-cropped-cropped-AVG_logo.png 322w, https:\/\/artsvisuelsgatineau.com\/wp-content\/uploads\/Logos_images\/cropped-cropped-cropped-AVG_logo-300x152.png 300w, https:\/\/artsvisuelsgatineau.com\/wp-content\/uploads\/Logos_images\/cropped-cropped-cropped-AVG_logo-18x9.png 18w\" sizes=\"auto, (max-width: 322px) 100vw, 322px\" \/><\/figure>\n\n\n\n<p>Arts visuels de Gatineau: discount on the cost of certain courses or workshops, exhibitions, access to public markets, etc;<\/p>\n\n\n\n<figure class=\"wp-block-image size-full is-resized\"><img loading=\"lazy\" decoding=\"async\" width=\"594\" height=\"155\" src=\"https:\/\/artsvisuelsgatineau.com\/wp-content\/uploads\/Nos_partenaires\/LEchelle-du-monde.jpg\" alt=\"Logo de L'\u00c9chelle du monde\" class=\"wp-image-531\" style=\"width:504px;height:auto\" srcset=\"https:\/\/artsvisuelsgatineau.com\/wp-content\/uploads\/Nos_partenaires\/LEchelle-du-monde.jpg 594w, https:\/\/artsvisuelsgatineau.com\/wp-content\/uploads\/Nos_partenaires\/LEchelle-du-monde-400x104.jpg 400w, https:\/\/artsvisuelsgatineau.com\/wp-content\/uploads\/Nos_partenaires\/LEchelle-du-monde-300x78.jpg 300w, https:\/\/artsvisuelsgatineau.com\/wp-content\/uploads\/Nos_partenaires\/LEchelle-du-monde-18x5.jpg 18w\" sizes=\"auto, (max-width: 594px) 100vw, 594px\" \/><\/figure>\n\n\n\n<p>\u00c0 l'\u00e9chelle du Monde: 74, boul. Gr\u00e9ber, Gatineau: 15% on art products at regular prices;<\/p>\n\n\n\n<figure class=\"wp-block-image size-full is-resized\"><img loading=\"lazy\" decoding=\"async\" width=\"136\" height=\"107\" src=\"https:\/\/artsvisuelsgatineau.com\/wp-content\/uploads\/2023\/12\/Encadrement-2000.jpg\" alt=\"\" class=\"wp-image-924\" style=\"width:247px;height:auto\" srcset=\"https:\/\/artsvisuelsgatineau.com\/wp-content\/uploads\/2023\/12\/Encadrement-2000.jpg 136w, https:\/\/artsvisuelsgatineau.com\/wp-content\/uploads\/2023\/12\/Encadrement-2000-15x12.jpg 15w\" sizes=\"auto, (max-width: 136px) 100vw, 136px\" \/><\/figure>\n\n\n\n<p>Encadrement 2000: 181 Principale Street, Gatineau: 10%;<\/p>\n\n\n\n<figure class=\"wp-block-image size-full\"><img loading=\"lazy\" decoding=\"async\" width=\"419\" height=\"120\" src=\"https:\/\/artsvisuelsgatineau.com\/wp-content\/uploads\/Nos_partenaires\/logo-Espace33.png\" alt=\"\" class=\"wp-image-529\" srcset=\"https:\/\/artsvisuelsgatineau.com\/wp-content\/uploads\/Nos_partenaires\/logo-Espace33.png 419w, https:\/\/artsvisuelsgatineau.com\/wp-content\/uploads\/Nos_partenaires\/logo-Espace33-400x115.png 400w, https:\/\/artsvisuelsgatineau.com\/wp-content\/uploads\/Nos_partenaires\/logo-Espace33-300x86.png 300w, https:\/\/artsvisuelsgatineau.com\/wp-content\/uploads\/Nos_partenaires\/logo-Espace33-18x5.png 18w\" sizes=\"auto, (max-width: 419px) 100vw, 419px\" \/><\/figure>\n\n\n\n<p>&nbsp;Espace 33: 33 Principale Street, Gatineau: discount on framing to discuss;<\/p>\n\n\n\n<figure class=\"wp-block-image size-full is-resized\"><img loading=\"lazy\" decoding=\"async\" width=\"506\" height=\"252\" src=\"https:\/\/artsvisuelsgatineau.com\/wp-content\/uploads\/Nos_partenaires\/Encadre.jpg\" alt=\"\" class=\"wp-image-530\" style=\"width:397px;height:auto\" srcset=\"https:\/\/artsvisuelsgatineau.com\/wp-content\/uploads\/Nos_partenaires\/Encadre.jpg 506w, https:\/\/artsvisuelsgatineau.com\/wp-content\/uploads\/Nos_partenaires\/Encadre-400x199.jpg 400w, https:\/\/artsvisuelsgatineau.com\/wp-content\/uploads\/Nos_partenaires\/Encadre-300x149.jpg 300w, https:\/\/artsvisuelsgatineau.com\/wp-content\/uploads\/Nos_partenaires\/Encadre-18x9.jpg 18w\" sizes=\"auto, (max-width: 506px) 100vw, 506px\" \/><\/figure>\n\n\n\n<p>L'Encadr\u00e9 : 851, St-Ren\u00e9 Blv. Unit A, Gatineau : 15%<\/p>","protected":false},"excerpt":{"rendered":"<p>Bienvenue au sein de Arts visuels de Gatineau (AVG) qui, malgr\u00e9 son appellation historique (depuis 1955), est ouvert \u00e0 tous(tes) les artistes et amis(es)&hellip;<\/p>","protected":false},"author":1,"featured_media":0,"parent":0,"menu_order":0,"comment_status":"closed","ping_status":"closed","template":"","meta":{"footnotes":""},"class_list":["post-249","page","type-page","status-publish","hentry"],"_links":{"self":[{"href":"https:\/\/artsvisuelsgatineau.com\/en\/wp-json\/wp\/v2\/pages\/249","targetHints":{"allow":["GET"]}}],"collection":[{"href":"https:\/\/artsvisuelsgatineau.com\/en\/wp-json\/wp\/v2\/pages"}],"about":[{"href":"https:\/\/artsvisuelsgatineau.com\/en\/wp-json\/wp\/v2\/types\/page"}],"author":[{"embeddable":true,"href":"https:\/\/artsvisuelsgatineau.com\/en\/wp-json\/wp\/v2\/users\/1"}],"replies":[{"embeddable":true,"href":"https:\/\/artsvisuelsgatineau.com\/en\/wp-json\/wp\/v2\/comments?post=249"}],"version-history":[{"count":11,"href":"https:\/\/artsvisuelsgatineau.com\/en\/wp-json\/wp\/v2\/pages\/249\/revisions"}],"predecessor-version":[{"id":3100,"href":"https:\/\/artsvisuelsgatineau.com\/en\/wp-json\/wp\/v2\/pages\/249\/revisions\/3100"}],"wp:attachment":[{"href":"https:\/\/artsvisuelsgatineau.com\/en\/wp-json\/wp\/v2\/media?parent=249"}],"curies":[{"name":"wp","href":"https:\/\/api.w.org\/{rel}","templated":true}]}}

<p>Welcome to Arts Visuels de Gatineau (AVG), which, despite its historical name (since 1955), is open to all artists and friends of art in the Outaouais region. We are pleased to welcome you as a member of our non-profit cultural organization.</p>



<p><strong>This year, with your membership card, you can get great discounts at the following locations:</strong></p>



<figure class="wp-block-image size-full"><img loading="lazy" decoding="async" width="322" height="163" src="https://artsvisuelsgatineau.com/wp-content/uploads/Logos_images/cropped-cropped-cropped-AVG_logo.png" alt="AVG Logo" class="wp-image-799" srcset="https://artsvisuelsgatineau.com/wp-content/uploads/Logos_images/cropped-cropped-cropped-AVG_logo.png 322w, https://artsvisuelsgatineau.com/wp-content/uploads/Logos_images/cropped-cropped-cropped-AVG_logo-300x152.png 300w, https://artsvisuelsgatineau.com/wp-content/uploads/Logos_images/cropped-cropped-cropped-AVG_logo-18x9.png 18w" sizes="auto, (max-width: 322px) 100vw, 322px" /></figure>



<p>Arts visuels de Gatineau: discount on the cost of certain courses or workshops, exhibitions, access to public markets, etc;</p>



<figure class="wp-block-image size-full is-resized"><img loading="lazy" decoding="async" width="594" height="155" src="https://artsvisuelsgatineau.com/wp-content/uploads/Nos_partenaires/LEchelle-du-monde.jpg" alt="Logo de L'Échelle du monde" class="wp-image-531" style="width:504px;height:auto" srcset="https://artsvisuelsgatineau.com/wp-content/uploads/Nos_partenaires/LEchelle-du-monde.jpg 594w, https://artsvisuelsgatineau.com/wp-content/uploads/Nos_partenaires/LEchelle-du-monde-400x104.jpg 400w, https://artsvisuelsgatineau.com/wp-content/uploads/Nos_partenaires/LEchelle-du-monde-300x78.jpg 300w, https://artsvisuelsgatineau.com/wp-content/uploads/Nos_partenaires/LEchelle-du-monde-18x5.jpg 18w" sizes="auto, (max-width: 594px) 100vw, 594px" /></figure>



<p>À l'échelle du Monde: 74, boul. Gréber, Gatineau: 15% on art products at regular prices;</p>



<figure class="wp-block-image size-full is-resized"><img loading="lazy" decoding="async" width="136" height="107" src="https://artsvisuelsgatineau.com/wp-content/uploads/2023/12/Encadrement-2000.jpg" alt="" class="wp-image-924" style="width:247px;height:auto" srcset="https://artsvisuelsgatineau.com/wp-content/uploads/2023/12/Encadrement-2000.jpg 136w, https://artsvisuelsgatineau.com/wp-content/uploads/2023/12/Encadrement-2000-15x12.jpg 15w" sizes="auto, (max-width: 136px) 100vw, 136px" /></figure>



<p>Encadrement 2000: 181 Principale Street, Gatineau: 10%;</p>



<figure class="wp-block-image size-full"><img loading="lazy" decoding="async" width="419" height="120" src="https://artsvisuelsgatineau.com/wp-content/uploads/Nos_partenaires/logo-Espace33.png" alt="" class="wp-image-529" srcset="https://artsvisuelsgatineau.com/wp-content/uploads/Nos_partenaires/logo-Espace33.png 419w, https://artsvisuelsgatineau.com/wp-content/uploads/Nos_partenaires/logo-Espace33-400x115.png 400w, https://artsvisuelsgatineau.com/wp-content/uploads/Nos_partenaires/logo-Espace33-300x86.png 300w, https://artsvisuelsgatineau.com/wp-content/uploads/Nos_partenaires/logo-Espace33-18x5.png 18w" sizes="auto, (max-width: 419px) 100vw, 419px" /></figure>



<p>&nbsp;Espace 33: 33 Principale Street, Gatineau: discount on framing to discuss;</p>



<figure class="wp-block-image size-full is-resized"><img loading="lazy" decoding="async" width="506" height="252" src="https://artsvisuelsgatineau.com/wp-content/uploads/Nos_partenaires/Encadre.jpg" alt="" class="wp-image-530" style="width:397px;height:auto" srcset="https://artsvisuelsgatineau.com/wp-content/uploads/Nos_partenaires/Encadre.jpg 506w, https://artsvisuelsgatineau.com/wp-content/uploads/Nos_partenaires/Encadre-400x199.jpg 400w, https://artsvisuelsgatineau.com/wp-content/uploads/Nos_partenaires/Encadre-300x149.jpg 300w, https://artsvisuelsgatineau.com/wp-content/uploads/Nos_partenaires/Encadre-18x9.jpg 18w" sizes="auto, (max-width: 506px) 100vw, 506px" /></figure>



<p>L'Encadré : 851, St-René Blv. Unit A, Gatineau : 15%</p>

<p>Bienvenue au sein de Arts visuels de Gatineau (AVG) qui, malgré son appellation historique (depuis 1955), est ouvert à tous(tes) les artistes et amis(es)&hellip;</p>
