{"id":249,"date":"2023-10-09T11:50:13","date_gmt":"2023-10-09T15:50:13","guid":{"rendered":"https:\/\/artsvisuelsgatineau.com\/?page_id=249"},"modified":"2025-12-23T13:43:17","modified_gmt":"2025-12-23T18:43:17","slug":"avantages-des-membres","status":"publish","type":"page","link":"https:\/\/artsvisuelsgatineau.com\/fr\/avantages-des-membres\/","title":{"rendered":"Avantages des membres"},"content":{"rendered":"\n<p>Bienvenue au sein de Arts visuels de Gatineau (AVG) qui, malgr\u00e9 son appellation historique (depuis 1955), est ouvert \u00e0 tous(tes) les artistes et amis(es) de l\u2019art de la r\u00e9gion de l\u2019Outaouais. Nous sommes heureux de vous accueillir comme membre de notre organisme culturel \u00e0 but non&nbsp;lucratif.<\/p>\n\n\n\n<p><strong>Cette ann\u00e9e, avec votre carte de membre, vous pouvez obtenir des rabais int\u00e9ressants aux endroits&nbsp;suivants\u2005:<\/strong><\/p>\n\n\n\n<figure class=\"wp-block-image size-full\"><img loading=\"lazy\" decoding=\"async\" width=\"322\" height=\"163\" src=\"https:\/\/artsvisuelsgatineau.com\/wp-content\/uploads\/Logos_images\/cropped-cropped-cropped-AVG_logo.png\" alt=\"AVG Logo\" class=\"wp-image-799\" srcset=\"https:\/\/artsvisuelsgatineau.com\/wp-content\/uploads\/Logos_images\/cropped-cropped-cropped-AVG_logo.png 322w, https:\/\/artsvisuelsgatineau.com\/wp-content\/uploads\/Logos_images\/cropped-cropped-cropped-AVG_logo-300x152.png 300w, https:\/\/artsvisuelsgatineau.com\/wp-content\/uploads\/Logos_images\/cropped-cropped-cropped-AVG_logo-18x9.png 18w\" sizes=\"auto, (max-width: 322px) 100vw, 322px\" \/><\/figure>\n\n\n\n<p>Arts visuels de Gatineau\u2005: r\u00e9duction sur le co\u00fbt de certains cours ou ateliers, \u00e0 des expositions, acc\u00e8s \u00e0 des march\u00e9s publiques, etc;<\/p>\n\n\n\n<figure class=\"wp-block-image size-full is-resized\"><img loading=\"lazy\" decoding=\"async\" width=\"594\" height=\"155\" src=\"https:\/\/artsvisuelsgatineau.com\/wp-content\/uploads\/Nos_partenaires\/LEchelle-du-monde.jpg\" alt=\"Logo de L'\u00c9chelle du monde\" class=\"wp-image-531\" style=\"width:504px;height:auto\" srcset=\"https:\/\/artsvisuelsgatineau.com\/wp-content\/uploads\/Nos_partenaires\/LEchelle-du-monde.jpg 594w, https:\/\/artsvisuelsgatineau.com\/wp-content\/uploads\/Nos_partenaires\/LEchelle-du-monde-400x104.jpg 400w, https:\/\/artsvisuelsgatineau.com\/wp-content\/uploads\/Nos_partenaires\/LEchelle-du-monde-300x78.jpg 300w, https:\/\/artsvisuelsgatineau.com\/wp-content\/uploads\/Nos_partenaires\/LEchelle-du-monde-18x5.jpg 18w\" sizes=\"auto, (max-width: 594px) 100vw, 594px\" \/><\/figure>\n\n\n\n<p>\u00c0 l\u2019\u00c9chelle du Monde\u2005: 74, boul. Gr\u00e9ber, Gatineau : 15 % sur les produits d&#8217;art \u00e0 prix r\u00e9guliers;<\/p>\n\n\n\n<figure class=\"wp-block-image size-full is-resized\"><img loading=\"lazy\" decoding=\"async\" width=\"136\" height=\"107\" src=\"https:\/\/artsvisuelsgatineau.com\/wp-content\/uploads\/2023\/12\/Encadrement-2000.jpg\" alt=\"\" class=\"wp-image-924\" style=\"width:247px;height:auto\" srcset=\"https:\/\/artsvisuelsgatineau.com\/wp-content\/uploads\/2023\/12\/Encadrement-2000.jpg 136w, https:\/\/artsvisuelsgatineau.com\/wp-content\/uploads\/2023\/12\/Encadrement-2000-15x12.jpg 15w\" sizes=\"auto, (max-width: 136px) 100vw, 136px\" \/><\/figure>\n\n\n\n<p>Encadrement 2000\u2005: 181, rue Principale, Gatineau : 10\u2005%;<\/p>\n\n\n\n<figure class=\"wp-block-image size-full\"><img loading=\"lazy\" decoding=\"async\" width=\"419\" height=\"120\" src=\"https:\/\/artsvisuelsgatineau.com\/wp-content\/uploads\/Nos_partenaires\/logo-Espace33.png\" alt=\"\" class=\"wp-image-529\" srcset=\"https:\/\/artsvisuelsgatineau.com\/wp-content\/uploads\/Nos_partenaires\/logo-Espace33.png 419w, https:\/\/artsvisuelsgatineau.com\/wp-content\/uploads\/Nos_partenaires\/logo-Espace33-400x115.png 400w, https:\/\/artsvisuelsgatineau.com\/wp-content\/uploads\/Nos_partenaires\/logo-Espace33-300x86.png 300w, https:\/\/artsvisuelsgatineau.com\/wp-content\/uploads\/Nos_partenaires\/logo-Espace33-18x5.png 18w\" sizes=\"auto, (max-width: 419px) 100vw, 419px\" \/><\/figure>\n\n\n\n<p>&nbsp;Espace 33\u2005: 33, rue Principale, Gatineau : escompte sur encadrement \u00e0 discuter;<\/p>\n\n\n\n<figure class=\"wp-block-image size-full is-resized\"><img loading=\"lazy\" decoding=\"async\" width=\"506\" height=\"252\" src=\"https:\/\/artsvisuelsgatineau.com\/wp-content\/uploads\/Nos_partenaires\/Encadre.jpg\" alt=\"\" class=\"wp-image-530\" style=\"width:397px;height:auto\" srcset=\"https:\/\/artsvisuelsgatineau.com\/wp-content\/uploads\/Nos_partenaires\/Encadre.jpg 506w, https:\/\/artsvisuelsgatineau.com\/wp-content\/uploads\/Nos_partenaires\/Encadre-400x199.jpg 400w, https:\/\/artsvisuelsgatineau.com\/wp-content\/uploads\/Nos_partenaires\/Encadre-300x149.jpg 300w, https:\/\/artsvisuelsgatineau.com\/wp-content\/uploads\/Nos_partenaires\/Encadre-18x9.jpg 18w\" sizes=\"auto, (max-width: 506px) 100vw, 506px\" \/><\/figure>\n\n\n\n<p>L&#8217;Encadr\u00e9 : 851, boul. St-Ren\u00e9 Ouest, Unit\u00e9 A, Gatineau : 15%<\/p>\n","protected":false},"excerpt":{"rendered":"<p>Bienvenue au sein de Arts visuels de Gatineau (AVG) qui, malgr\u00e9 son appellation historique (depuis 1955), est ouvert \u00e0 tous(tes) les artistes et amis(es)&hellip;<\/p>\n","protected":false},"author":1,"featured_media":0,"parent":0,"menu_order":0,"comment_status":"closed","ping_status":"closed","template":"","meta":{"footnotes":""},"class_list":["post-249","page","type-page","status-publish","hentry"],"_links":{"self":[{"href":"https:\/\/artsvisuelsgatineau.com\/fr\/wp-json\/wp\/v2\/pages\/249","targetHints":{"allow":["GET"]}}],"collection":[{"href":"https:\/\/artsvisuelsgatineau.com\/fr\/wp-json\/wp\/v2\/pages"}],"about":[{"href":"https:\/\/artsvisuelsgatineau.com\/fr\/wp-json\/wp\/v2\/types\/page"}],"author":[{"embeddable":true,"href":"https:\/\/artsvisuelsgatineau.com\/fr\/wp-json\/wp\/v2\/users\/1"}],"replies":[{"embeddable":true,"href":"https:\/\/artsvisuelsgatineau.com\/fr\/wp-json\/wp\/v2\/comments?post=249"}],"version-history":[{"count":11,"href":"https:\/\/artsvisuelsgatineau.com\/fr\/wp-json\/wp\/v2\/pages\/249\/revisions"}],"predecessor-version":[{"id":3100,"href":"https:\/\/artsvisuelsgatineau.com\/fr\/wp-json\/wp\/v2\/pages\/249\/revisions\/3100"}],"wp:attachment":[{"href":"https:\/\/artsvisuelsgatineau.com\/fr\/wp-json\/wp\/v2\/media?parent=249"}],"curies":[{"name":"wp","href":"https:\/\/api.w.org\/{rel}","templated":true}]}}

<p>Bienvenue au sein de Arts visuels de Gatineau (AVG) qui, malgré son appellation historique (depuis 1955), est ouvert à tous(tes) les artistes et amis(es) de l’art de la région de l’Outaouais. Nous sommes heureux de vous accueillir comme membre de notre organisme culturel à but non&nbsp;lucratif.</p>



<p><strong>Cette année, avec votre carte de membre, vous pouvez obtenir des rabais intéressants aux endroits&nbsp;suivants :</strong></p>



<figure class="wp-block-image size-full"><img loading="lazy" decoding="async" width="322" height="163" src="https://artsvisuelsgatineau.com/wp-content/uploads/Logos_images/cropped-cropped-cropped-AVG_logo.png" alt="AVG Logo" class="wp-image-799" srcset="https://artsvisuelsgatineau.com/wp-content/uploads/Logos_images/cropped-cropped-cropped-AVG_logo.png 322w, https://artsvisuelsgatineau.com/wp-content/uploads/Logos_images/cropped-cropped-cropped-AVG_logo-300x152.png 300w, https://artsvisuelsgatineau.com/wp-content/uploads/Logos_images/cropped-cropped-cropped-AVG_logo-18x9.png 18w" sizes="auto, (max-width: 322px) 100vw, 322px" /></figure>



<p>Arts visuels de Gatineau : réduction sur le coût de certains cours ou ateliers, à des expositions, accès à des marchés publiques, etc;</p>



<figure class="wp-block-image size-full is-resized"><img loading="lazy" decoding="async" width="594" height="155" src="https://artsvisuelsgatineau.com/wp-content/uploads/Nos_partenaires/LEchelle-du-monde.jpg" alt="Logo de L'Échelle du monde" class="wp-image-531" style="width:504px;height:auto" srcset="https://artsvisuelsgatineau.com/wp-content/uploads/Nos_partenaires/LEchelle-du-monde.jpg 594w, https://artsvisuelsgatineau.com/wp-content/uploads/Nos_partenaires/LEchelle-du-monde-400x104.jpg 400w, https://artsvisuelsgatineau.com/wp-content/uploads/Nos_partenaires/LEchelle-du-monde-300x78.jpg 300w, https://artsvisuelsgatineau.com/wp-content/uploads/Nos_partenaires/LEchelle-du-monde-18x5.jpg 18w" sizes="auto, (max-width: 594px) 100vw, 594px" /></figure>



<p>À l’Échelle du Monde : 74, boul. Gréber, Gatineau : 15 % sur les produits d&#8217;art à prix réguliers;</p>



<figure class="wp-block-image size-full is-resized"><img loading="lazy" decoding="async" width="136" height="107" src="https://artsvisuelsgatineau.com/wp-content/uploads/2023/12/Encadrement-2000.jpg" alt="" class="wp-image-924" style="width:247px;height:auto" srcset="https://artsvisuelsgatineau.com/wp-content/uploads/2023/12/Encadrement-2000.jpg 136w, https://artsvisuelsgatineau.com/wp-content/uploads/2023/12/Encadrement-2000-15x12.jpg 15w" sizes="auto, (max-width: 136px) 100vw, 136px" /></figure>



<p>Encadrement 2000 : 181, rue Principale, Gatineau : 10 %;</p>



<figure class="wp-block-image size-full"><img loading="lazy" decoding="async" width="419" height="120" src="https://artsvisuelsgatineau.com/wp-content/uploads/Nos_partenaires/logo-Espace33.png" alt="" class="wp-image-529" srcset="https://artsvisuelsgatineau.com/wp-content/uploads/Nos_partenaires/logo-Espace33.png 419w, https://artsvisuelsgatineau.com/wp-content/uploads/Nos_partenaires/logo-Espace33-400x115.png 400w, https://artsvisuelsgatineau.com/wp-content/uploads/Nos_partenaires/logo-Espace33-300x86.png 300w, https://artsvisuelsgatineau.com/wp-content/uploads/Nos_partenaires/logo-Espace33-18x5.png 18w" sizes="auto, (max-width: 419px) 100vw, 419px" /></figure>



<p>&nbsp;Espace 33 : 33, rue Principale, Gatineau : escompte sur encadrement à discuter;</p>



<figure class="wp-block-image size-full is-resized"><img loading="lazy" decoding="async" width="506" height="252" src="https://artsvisuelsgatineau.com/wp-content/uploads/Nos_partenaires/Encadre.jpg" alt="" class="wp-image-530" style="width:397px;height:auto" srcset="https://artsvisuelsgatineau.com/wp-content/uploads/Nos_partenaires/Encadre.jpg 506w, https://artsvisuelsgatineau.com/wp-content/uploads/Nos_partenaires/Encadre-400x199.jpg 400w, https://artsvisuelsgatineau.com/wp-content/uploads/Nos_partenaires/Encadre-300x149.jpg 300w, https://artsvisuelsgatineau.com/wp-content/uploads/Nos_partenaires/Encadre-18x9.jpg 18w" sizes="auto, (max-width: 506px) 100vw, 506px" /></figure>



<p>L&#8217;Encadré : 851, boul. St-René Ouest, Unité A, Gatineau : 15%</p>

<p>Bienvenue au sein de Arts visuels de Gatineau (AVG) qui, malgré son appellation historique (depuis 1955), est ouvert à tous(tes) les artistes et amis(es)&hellip;</p>
